 factors of 1570772261.
83, 919, 20593
What are the prime factors of 1654186021?
53, 1571, 19867
List the prime factors of 1418638790.
2, 5, 141863879
List the prime factors of 263428095.
3, 5, 7, 1097, 2287
List the prime factors of 118036934.
2, 59, 1000313
What are the prime factors of 2654607?
3, 47, 67, 281
List the prime factors of 12371589.
3, 458207
List the prime factors of 1218993613.
643, 911, 2081
List the prime factors of 30967722.
2, 3, 1720429
List the prime factors of 2023390636.
2, 19, 3023, 8807
What are the prime factors of 38769845?
5, 107, 72467
List the prime factors of 15001108.
2, 19, 197383
What are the prime factors of 24658594?
2, 12329297
What are the prime factors of 41006096?
2, 2562881
What are the prime factors of 799229590?
2, 5, 443, 180413
List the prime factors of 87512842.
2, 43756421
What are the prime factors of 81513283?
17, 4794899
List the prime factors of 77729177.
5881, 13217
What are the prime factors of 1364821782?
2, 3, 71, 3203807
What are the prime factors of 761486151?
3, 17, 47, 107, 2969
What are the prime factors of 209322669?
3, 113, 617471
What are the prime factors of 2848456963?
11, 53, 4885861
What are the prime factors of 3330697?
3330697
List the prime factors of 110395136.
2, 59, 7309
List the prime factors of 994821069.
3, 11, 151, 181, 1103
What are the prime factors of 1381366360?
2, 5, 11, 211, 14879
What are the prime factors of 130834855?
5, 19, 227, 6067
List the prime factors of 984581982.
2, 3, 179, 305581
List the prime factors of 20196723.
3, 41, 164201
What are the prime factors of 24628953?
3, 1471, 5581
List the prime factors of 219658938.
2, 3, 17, 2153519
What are the prime factors of 106075263?
3, 7, 37, 136519
What are the prime factors of 27362001?
3, 9120667
What are the prime factors of 925839699?
3, 47, 1867, 3517
List the prime factors of 39244849.
7, 131, 42797
What are the prime factors of 121209623?
61, 1987043
What are the prime factors of 234491716?
2, 23, 53, 48091
What are the prime factors of 488105562?
2, 3, 7, 373, 4451
What are the prime factors of 53233381?
619, 85999
List the prime factors of 4296110455.
5, 7, 13, 79, 107, 1117
List the prime factors of 12941139.
3, 4313713
What are the prime factors of 24193554?
2, 3, 7, 11, 7481
What are the prime factors of 544750664?
2, 68093833
What are the prime factors of 151474927?
73, 373, 5563
List the prime factors of 1036044431.
1036044431
What are the prime factors of 101236549?
229, 653, 677
What are the prime factors of 39392339?
7, 19, 296183
What are the prime factors of 1123524262?
2, 7, 80251733
List the prime factors of 161834764.
2, 7, 13, 17, 26153
What are the prime factors of 22343453?
11, 2031223
What are the prime factors of 875545590?
2, 3, 5, 1321, 22093
What are the prime factors of 57732187?
17, 43, 78977
List the prime factors of 996765416.
2, 124595677
List the prime factors of 7330290091.
7330290091
List the prime factors of 2085950229.
3, 11, 1259, 50207
List the prime factors of 1808162855.
5, 269, 1344359
List the prime factors of 117438622.
2, 7, 8388473
What are the prime factors of 76367650?
2, 5, 19, 80387
List the prime factors of 33132010.
2, 5, 19, 103, 1693
What are the prime factors of 765974848?
2, 17, 41413
What are the prime factors of 156948920?
2, 5, 3923723
List the prime factors of 44266015.
5, 71, 124693
What are the prime factors of 288623125?
5, 7, 37, 1783
List the prime factors of 18577595.
5, 103, 36073
List the prime factors of 16789688.
2, 2098711
What are the prime factors of 46127768?
2, 97, 59443
What are the prime factors of 830466484?
2, 269, 771809
What are the prime factors of 65682635?
5, 53, 59, 4201
What are the prime factors of 45880840?
2, 5, 1147021
What are the prime factors of 1674064592?
2, 104629037
List the prime factors of 370142303.
677, 546739
What are the prime factors of 4244262243?
3, 13, 23, 421, 11239
What are the prime factors of 125697034?
2, 62848517
List the prime factors of 51273889.
51273889
What are the prime factors of 769758257?
389, 857, 2309
List the prime factors of 258648680.
2, 5, 29, 293, 761
What are the prime factors of 4461737380?
2, 5, 17, 13122757
List the prime factors of 316939971.
3, 43, 163, 15073
List the prime factors of 42143207.
42143207
List the prime factors of 64645688.
2, 673, 12007
What are the prime factors of 8985245647?
7, 1283606521
List the prime factors of 283237128.
2, 3, 101, 12983
List the prime factors of 427328177.
277, 503, 3067
What are the prime factors of 207467746?
2, 79, 1313087
List the prime factors of 22341687.
3, 29, 256801
List the prime factors of 1669819316.
2, 11, 107, 354677
What are the prime factors of 462673790?
2, 5, 46267379
List the prime factors of 131852949.
3, 43950983
What are the prime factors of 203182934?
2, 101591467
List the prime factors of 1026081084.
2, 3, 7, 613, 19927
What are the prime factors of 765534101?
2293, 333857
What are the prime factors of 1037106738?
2, 3, 541, 106501
What are the prime factors of 151020784?
2, 9438799
What are the prime factors of 44293668?
2, 3, 31, 119069
List the prime factors of 186565925.
5, 7, 13, 82007
List the prime factors of 3328548316.
2, 23, 613, 59021
List the prime factors of 102506856.
2, 3, 107, 179, 223
What are the prime factors of 428634343?
428634343
List the prime factors of 104310210.
2, 3, 5, 541, 6427
List the prime factors of 165829823.
165829823
List the prime factors of 75579295.
5, 11, 59, 23291
List the prime factors of 83616278.
2, 41808139
List the prime factors of 10843543.
61, 177763
What are the prime factors of 184817103?
3, 79, 157, 4967
What are the prime factors of 53479371?
3, 11, 31, 61, 857
What are the prime factors of 46955025?
3, 5, 13, 5351
What are the prime factors of 5121437084?
2, 43, 29775797
What are the prime factors of 4662202243?
59, 79020377
What are the prime factors of 55502261?
5387, 10303
What are the prime factors of 4906220208?
2, 3, 31, 47, 73
List the prime factors of 4169410398.
2, 3, 5231, 44281
What are the prime factors of 60338750?
2, 5, 48271
List the prime factors of 1166212226.
2, 137, 4256249
What are the prime factors of 127365525?
3, 5, 7, 193, 419
List the prime factors of 2021357604.
2, 3, 7, 31, 173, 641
What are the prime factors of 201940949?
7, 19, 29, 41, 1277
What are the prime factors of 90563114?
2, 17, 29, 53, 1733
What are the prime factors of 1623274172?
2, 13, 17, 61, 30103
List the prime factors of 198979651.
13, 15306127
List the prime factors of 432649279.
11597, 37307
What are the prime factors of 3564968110?
2, 5, 11, 163, 198827
List the prime factors of 18547867.
13, 17, 23, 41, 89
List the prime factors of 199917395.
5, 39983479
What are the prime factors of 88357087?
7, 13, 19, 3931
What are the prime factors of 23909752?
2, 17, 19, 487
List the prime factors of 1222722071.
43, 28435397
What are the prime factors of 270518993?
5573, 48541
List the prime factors of 17740855.
5, 11, 47, 6863
What are the prime factors of 173618881?
23, 7548647
What are the prime factors of 153655180?
2, 5, 7, 17, 23, 401
List the prime factors of 289760967.
3, 32195663
What are the prime factors of 79758985?
5, 17, 938341
List the prime factors of 405033336.
2, 3, 19, 15583
What are the prime factors of 4345402321?
13, 277, 1206721
List the prime factors of 3084965831.
32183, 95857
What are the prime factors of 334897379?
173, 1935823
What are the prime factors of 38706351?
3, 12902117
List the prime factors of 88720742.
2, 11, 661, 6101
List the prime factors of 96894368.
2, 181, 16729
List the prime factors of 1600661262.
2, 3, 89, 499, 6007
What are the prime factors of 39165514?
2, 79, 487, 509
List the prime factors of 80606658.
2, 3, 11, 131, 9323
List the prime factors of 1194815108.
2, 298703777
What are the prime factors of 705040655?
5, 11, 47, 107, 2549
What are the prime factors of 338512258?
2, 7, 3203, 7549
List the prime factors of 494165484.
2, 3, 2089, 6571
List the prime factors of 35025939.
3, 13, 29, 31, 37
What are the prime factors of 1927018259?
1783, 1080773
List the prime factors of 183363928.
2, 11, 2083681
List the prime factors of 417073174.
2, 7, 83, 151, 2377
List the prime factors of 5063780355.
3, 5, 337585357
